se 2*f = -5*l - 2*f + 12, 5*f - 15 = -l. What are the prime factors of (2 - l) + 0 + 0?
2
Let z(c) = -5 + 0*c + 7*c - 6*c. List the prime factors of z(7).
2
Let x = -8 + 15. Let k(g) = -g**3 + 6*g**2 + 6*g + 10. What are the prime factors of k(x)?
3
Let a(r) = r**2 + 13*r - 1. Let n be a(-6). List the prime factors of (-1)/(-2 + (-85)/n).
43
Suppose -2*t - 3*n = 2, -44 = -4*t + 2*n - 16. Suppose 0 = -t*r - 0*r. Let k = 13 + r. List the prime factors of k.
13
Suppose 10 = 3*z - 5*u - 6, -3*z - 4 = 5*u. Let p = -4 + z. List the prime factors of 2*8 - (p - -4).
2, 7
Let a be (2 + -1 + 1)/1. Let c = a + 0. Suppose 90 = c*s + 3*s. What are the prime factors of s?
2, 3
Let k(h) = -3*h - h**3 + 5*h - h**2 - 3*h + 4 + 0*h. List the prime factors of k(0).
2
Let h(w) = 3*w. Let q be h(-1). Let d(s) = -s**3 - 4*s**2 - 3*s + 4. Let m be d(q). Suppose 3*t - 66 = -m*c, 3*c - 3*t - 51 = -6*t. List the prime factors of c.
3, 5
Suppose 2*w + 12 = -4*f, -3*f + 5*w + 17 = -0*f. Let g be 4/6*(11 - f). Let s = g + 4. What are the prime factors of s?
2, 3
Let z(p) = -5 - 4*p**3 + 4*p**2 + 3*p**3 + p**2 + 4*p. List the prime factors of z(5).
3, 5
Let m(t) = 5 - 2*t + 0 + 0*t**2 + 1 + t**2. List the prime factors of m(4).
2, 7
Let b(j) = 4*j - 1. Let u be b(-5). Let z = 15 + u. Let a = 16 + z. What are the prime factors of a?
2, 5
Suppose 4*q = 5*u + 117, 2*q = 2*u - 3*u + 55. What are the prime factors of 8/q - 47/(-7)?
7
Let w(l) = -35*l + 1. List the prime factors of w(-1).
2, 3
Suppose 3*f + 0*f - 5*o = 33, 5*f - 3*o - 55 = 0. What are the prime factors of f?
11
What are the prime factors of (4 - 1)/((-15)/(-35))?
7
Suppose l + 28 = 4*i, 3*l + 0*i - 3*i = -48. Let h = l - -8. Let f = 6 - h. What are the prime factors of f?
2, 5
Let m be 5244/72 + (-2)/(-12). Let c = -29 + m. What are the prime factors of c?
2, 11
Let l = 5 - 5. Let k(r) = 1 + r + 2*r + l*r + r. List the prime factors of k(2).
3
Let o = -2 - -2. Suppose -6*m + m + 15 = o. Suppose m*z + z - 8 = -3*r, 1 = -z. What are the prime factors of r?
2
Let h = 169 - 76. List the prime factors of h.
3, 31
Suppose 175 = 5*c + 7*r - 2*r, -3*r = -2*c + 45. Let u = c + -15. What are the prime factors of u?
3, 5
Let h = 31 + -28. What are the prime factors of h?
3
Suppose 0 = -j + 7*j - 150. List the prime factors of j.
5
Suppose -b = 22 - 107. What are the prime factors of b?
5, 17
Let i = 9 - 6. Let r(w) = 2*w - 2. Let f be r(2). List the prime factors of (-2*f)/(i/(-9)).
2, 3
Let v be (-3)/15 - (-4)/(-5). Let u be -1*(-2)/(-1)*v. Suppose o - 36 = -4*t - 3*o, 0 = u*o - 10. List the prime factors of t.
2
Let q(r) = -r**3 + 4*r**2 - 3*r + 3. Let d be q(3). Let m = -5 + d. List the prime factors of 4*(0 - (1 + m)).
2
Suppose 2*z + z = 0. Suppose z = 3*y + 44 + 40. Let j = y + 48. List the prime factors of j.
2, 5
Suppose 15*g - 2*g = 1911. List the prime factors of g.
3, 7
Let s(b) = -b**2 + 35*b - 8. What are the prime factors of s(18)?
2, 149
Let a = 5 - 7. Let p be -1*(6/2 + a). List the prime factors of p/2*-1*4.
2
Let x = 2 + 0. Let f = 5 - 5. Suppose -8 = -l + x*r + 16, f = -5*l + r + 93. List the prime factors of l.
2, 3
Let f(s) = -s - 5. Let a be f(-4). List the prime factors of 4 - ((-3)/(-3) + a).
2
Suppose -195 = -4*p - i, -2 = p + i - 47. Let r = p - 6. List the prime factors of r.
2, 11
Suppose 107 + 13 = -5*t. Let c be t/15 - 2/5. List the prime factors of (9/(-6))/(c/12).
3
List the prime factors of 279/9 - (-4 - -1).
2, 17
Suppose -75 + 156 = p. List the prime factors of p.
3
Let a(d) = 5*d + 23. What are the prime factors of a(11)?
2, 3, 13
Let b = 136 - 109. List the prime factors of b.
3
List the prime factors of ((-6)/72*-4)/((-1)/(-999)).
3, 37
Let m(u) = -3*u**2 - 2*u - 4*u**2 + u - u**3 - 2. Let f be (1 - (0 + 2))*7. List the prime factors of m(f).
5
Suppose -m - 38 = -0. What are the prime factors of 1*m/(1 + -3)?
19
List the prime factors of (-1200)/(-35) - 4/14.
2, 17
Suppose -2*b - k = k - 378, -2*b + 366 = -4*k. List the prime factors of b.
11, 17
Suppose -2*a - 6 = 2*s, 2*s - 4 = 2*a + 2. Let t(w) = -w**3 - 3*w**2 - 3*w - 3. What are the prime factors of t(a)?
2, 3
Let j be (-16)/((-8)/12*3). What are the prime factors of (10/j)/(5/60)?
3, 5
Suppose 0 = 3*x - x - 6. Suppose 0*u + 2*u + x*b - 29 = 0, -5*b = -u + 21. Let r = 26 - u. What are the prime factors of r?
2, 5
Let v(z) = -7*z**2 + 18*z + 23. Let p(w) = -10*w**2 + 27*w + 34. Let b(i) = 5*p(i) - 7*v(i). Let f = 10 + -3. List the prime factors of b(f).
23
Suppose 20 = -0*k + 4*k. Suppose -k*s + 1 = -4. List the prime factors of (4 - s)/((-1)/(-6)).
2, 3
Suppose 8 = -4*c + 2*y, -y = -3*y + 4. Let h = 0 - c. Suppose -2*s - h = -7. List the prime factors of s.
3
What are the prime factors of -2*(4 - 207/2)?
199
Let z = 10 + 18. Let r = 0 + z. What are the prime factors of r?
2, 7
Let s = 6 + -4. Suppose -s*j = -2, 4*j + 35 = 5*v + 104. List the prime factors of -1*2 + 0 - v.
11
Let s = -58 - -103. What are the prime factors of s?
3, 5
Let l = -18 + 20. Suppose 0 = -i + l*i - 40. What are the prime factors of i?
2, 5
Suppose -5*s - 3*n + 697 = 0, -3*s = s - 2*n - 540. List the prime factors of s.
137
Let b(w) = -5*w + 3. Let n(s) = -11*s + 6. Let c(p) = -5*b(p) + 2*n(p). List the prime factors of c(6).
3, 5
Let r(f) = -2*f**2 + 3*f**2 - f**3 - f + 1 + 5*f**3. Let h be r(1). Suppose 4*c - 2*l = 14, -h*c - 1 = -3*l - 20. List the prime factors of c.
2
Suppose 2*x + 0*x - 12 = 0. Let q(n) be the first derivative of n**3/3 - 2*n**2 - 7*n + 7. What are the prime factors of q(x)?
5
Let c(w) = w - 3. Let o be c(4). Suppose p - 1 = 3*g + o, -3*p + 2*g + 6 = 0. Suppose -19 = -3*f - p*z, -36 + 10 = -4*f - 2*z. List the prime factors of f.
7
Suppose 4*a - 4*g = 0, -5*a + 1 = -4*g - 3. Suppose 0 = 3*m - 2 - a. List the prime factors of m.
2
Suppose 40 = -0*f + f. Let m = -21 + f. What are the prime factors of m?
19
Suppose 0*z - z = -6. Let q be 15*(4/z)/(-1). Let h = q + 22. List the prime factors of h.
2, 3
Suppose 3*g = -2*b + 24, 3*b - 8 = g - 2*g. Suppose -34 = -4*m + i, -i + 5*i = -2*m + g. What are the prime factors of m?
2
Let d(p) = p**2 + 6*p + 3. Let c be d(-6). Let o be (36/(-15))/((-3)/10). What are the prime factors of -1 + o + (c - 3)?
7
Suppose -4*q = -2*u - 16, -7 = 5*q - 5*u - 27. Suppose a = -q*g - 21, -1 = a - 4. What are the prime factors of (g/(-10))/((-2)/(-10))?
3
Suppose 4*d - 5*u + 11 = 0, d = -0*d + 4*u. Let i(c) = -c - 6. Let a be i(d). List the prime factors of (-1 - a)/(-1)*-7.
7
Suppose -u - 108 = -5*u. What are the prime factors of u?
3
Let b = 365 + -250. List the prime factors of b.
5, 23
Suppose -r + 4 + 4 = 0. Suppose -c + 11 = -2*s, -c = 4*s - 11 - 12. Let j = c - r. What are the prime factors of j?
7
Suppose -9*o + 54 = -7*o. What are the prime factors of o?
3
What are the prime factors of 2*(-60)/32*-12?
3, 5
Let u = 224 + -141. List the prime factors of u.
83
Let s(u) = -u**3 + 3*u**2 - 5*u + 3. Let w be s(3). Let b = 21 + w. List the prime factors of b.
3
Let s = -6 + 8. Suppose 3*o - 16 - 1 = -4*z, -42 = -s*o + 5*z. List the prime factors of o.
11
Suppose 0 = 4*h - 3*k - 361 + 94, 5*h - k = 331. What are the prime factors of h?
2, 3, 11
Let f = 6 - -16. Suppose 0 = 3*d - 4*p - f, 3*d = 5*d + p. Let q(l) = 2*l**2 - 4*l + 3. List the prime factors of q(d).
3
Suppose 4*a + 5*u - 890 = 0, 5*a - 11*u - 1104 = -13*u. What are the prime factors of a?
2, 5, 11
Let g be 18/(-5)*20/6. Suppose 0 = t - 6 - 12. Let z = g + t. What are the prime factors of z?
2, 3
Let g(z) = 2*z. Let w(l) = 2*l - 1. Let b(r) = 5*g(r) - 6*w(r). List the prime factors of b(-4).
2, 7
List the prime factors of 0 - 2 - (-3 + 304*-1).
5, 61
Let k(d) = -3*d - d**2 - 3 - d - 4*d. Let w be k(-7). Suppose 2*g = -w*t - g + 41, g = -5*t + 54. What are the prime factors of t?
11
Suppose -4*z + 11 = -17. Let h = -1 + z. List the prime factors of (4/(-6))/((-2)/h).
2
Let h be (-2)/(-9) - 22/18. Let u be (1/(-2))/(h/44). Suppose -3*s + 2 + u = 3*j, 16 = 2*s + j. What are the prime factors of s?
2
Let i(p) = 3*p**2 - 5*p - 4. Let z be i(4). Suppose 12 = 4*l + v - 50, -4*v - z = -l. List the prime factors of l.
2
Let x be -3*-1*(1 - -2). Suppose 4*h = x*h - 20. What are the prime factors of (h/(-8))/(2/(-44))?
11
Let a(s) = s**3 - 6*s**2 - s - 2. W